 - 443, -4*w + 312 = -4*o. Let l = -23 + w. What is the tens digit of l?
6
Let p(l) = 0*l + 6*l**2 - 5*l**2 + 9*l + 10 + 11. What is the tens digit of p(-10)?
3
Let i be (-1 - 0)*(-15)/15. Suppose -5*c + i = u - 59, 2*u - 102 = -4*c. What is the tens digit of u?
4
Let v(l) = l**3 + 2. Let z(a) = -a**2 + 7*a + 8. Let n be z(8). Let o be v(n). Suppose -c - 2*k + 25 = 2*k, 5*c - o*k = 147. What is the units digit of c?
9
Suppose -28*g + 33*g + 15 = 0, 2*l - 826 = -2*g. What is the tens digit of l?
1
Suppose -4141 = -11*t + 6001. What is the tens digit of t?
2
Let l(q) = -2*q**3 + q + 6*q**2 - 6 + 3*q**3 - 2*q**3. Let v be l(6). What is the units digit of v + (-6)/2 - -29?
6
Suppose 11 = 21*u - 115. Let y(m) = 14*m - 5*m - 7*m**2 + 3*m**3 - 2*m**3. What is the tens digit of y(u)?
1
Suppose 5*d = 6*d + 95. Let l = d - -151. What is the tens digit of l?
5
Let b(u) = u**3 + 6*u**2 + 4*u - 2. Let i(j) = -j**3 + 2*j**2. Let f be i(2). Suppose 10 = -2*q - f*v - 5*v, 5*q + 25 = -v. What is the units digit of b(q)?
3
Let u = -36 + 58. Let t = u - -44. Let s = t - 37. What is the tens digit of s?
2
Suppose 4*q + c - 1063 = 171, -2*q + 622 = -2*c. What is the units digit of q?
9
Suppose 1 - 11 = -5*l. Suppose n - l = 2, u - 1 = 2*n. Suppose -d - 3*k + 15 = 0, 3*d + u*k - 65 = 4*k. What is the tens digit of d?
3
Let y be 45/9*(-4)/(-5). Suppose -3*k + y*k - 99 = 0. What is the units digit of k?
9
Let w be 3*(19 + 0 + -2). Let f(u) = u + 11. Let o be f(-9). Let m = w + o. What is the tens digit of m?
5
Let i be ((-24)/(-10))/((-1)/(-5)). Let p(j) = j**2 - 13*j + 17. Let h be p(i). Suppose -100 = t - h*t. What is the tens digit of t?
2
Suppose -10*o + 1280 = -6*o + 2*v, 4*v + 1600 = 5*o. What is the tens digit of o?
2
What is the units digit of (6*(-156)/(-90))/(1/45)?
8
Let a = -9 + 8. Let t be (4 - a)*(1 + 0). Suppose -2*r + 4 = 3*z, -3*r + t*z + 30 = r. What is the units digit of r?
5
Suppose 0 = -86*a + 76*a + 5320. What is the units digit of a?
2
Let x be (1 - 23)*10/(-20). Let h(r) = 1 - 1 - x*r + r**2 + 2. What is the units digit of h(11)?
2
What is the units digit of (-12104)/(-8) - -8*3/(-6)?
9
What is the hundreds digit of (-2702*(-16)/96)/((-1)/(-3))?
3
Suppose -3*g = 3*j - 6303, -4*j = -46*g + 48*g - 8400. What is the hundreds digit of j?
0
Suppose -470 = n + 4*n. Let u = n + 239. Suppose l = -4*l + u. What is the tens digit of l?
2
Suppose 9*k - 47262 + 18984 = 0. What is the hundreds digit of k?
1
Suppose 4700 = 191*a - 186*a. What is the hundreds digit of a?
9
Suppose 0 = 29*a - 36*a + 6209. What is the tens digit of a?
8
Let s = 1149 - -31. What is the tens digit of s?
8
Suppose -q - 50 + 77 = 0. Let a = 3 + q. What is the units digit of a?
0
Let l(f) be the third derivative of -f**6/120 + 7*f**5/60 - f**4/24 - 5*f**3/6 - 5*f**2. Suppose -30 = -4*c - c. What is the units digit of l(c)?
5
Suppose 4*v - 25 = -5*o, -2*o = 3*v + o - 15. Suppose -3*x + v*f + 4*f + 727 = 0, -4*f = 4. What is the hundreds digit of x?
2
What is the hundreds digit of 92302/114 - (-4)/(-6)?
8
Let w(f) = 6*f**3 - 2*f**3 + 2*f**2 - 1 - f**3 + 5*f**3. Let j be -3*(4/(-3))/4. What is the units digit of w(j)?
9
Suppose -24*p + 16*p = -10056. What is the tens digit of p?
5
Suppose 10 = 3*u - 2. Suppose -4*v - 3 = 3*o, 3*v + u*o - 1 = 2. What is the tens digit of (v/1)/((-6)/20)?
1
Let d(r) = 16*r**2 + 27*r - 8. What is the tens digit of d(-6)?
0
Suppose -3*i = c - 2960, 0 = -2*i - 20*c + 17*c + 1971. What is the tens digit of i?
8
Let v be (-10)/(-8) + (-2)/8. Let r(h) = -h**2 - 3 + 0*h - 8*h + 0 + v. What is the units digit of r(-3)?
3
Let s = 583 - 151. What is the tens digit of s?
3
Let c(t) = 2*t - 11. Let o be c(7). Suppose -r + o*u = -u - 75, 2*u = -2*r + 120. What is the tens digit of r?
6
Suppose 2*a - 1370 - 378 = 0. What is the hundreds digit of a?
8
Let p(z) = -z. Let x(c) = -c - 3. Let i(u) = 2*p(u) + x(u). Let j be i(-2). Suppose 0 = -a - j*a + 4. What is the units digit of a?
1
Let i = -328 + 688. Suppose -n - i = -7*n. What is the units digit of n?
0
Let l(w) = -956*w + 94. What is the units digit of l(-5)?
4
Suppose -10 = -3*c - 0*o - 2*o, -4*o = 5*c - 16. Let i(j) = -j**3 + 4*j**2 + 3*j + 2. What is the tens digit of i(c)?
1
Let u(h) = -2*h + 99. Suppose -5*r - 7 + 7 = 0. What is the tens digit of u(r)?
9
Let s(z) = 4 - 1 - 5 - 33*z**3 - 3*z**2 - 4*z. What is the tens digit of s(-1)?
3
Let n(q) = -q - 8. Let a be n(-10). Suppose -6*j = -3*o - j + 326, a*o + 3*j - 192 = 0. What is the hundreds digit of o?
1
Let k(x) = -3*x**3 - 2*x**2 - x. Let h be k(-1). Suppose 55 = 3*y + h*y. Let v(a) = a**3 - 10*a**2 - 10*a - 10. What is the units digit of v(y)?
1
Let j(z) = 3*z**3 - 12*z**2 + 90*z - 16. What is the hundreds digit of j(9)?
0
What is the units digit of (-4)/(1 - 3160/3144)?
6
Suppose 7*s = 12*s - 10. What is the units digit of (4 - 102)*(-3)/s?
7
Let d be (-34)/10 - ((-68)/20 - -4). What is the units digit of 198 - (-7 - -2 - d)?
9
Suppose -5*l = 3*l - 720. Suppose 272 = 2*m + 4*f, m - 61 - l = 3*f. What is the hundreds digit of m?
1
Let a(d) = 5*d + 2. Let u(o) = 126*o + 51. Let s(k) = -153*a(k) + 6*u(k). What is the tens digit of s(-29)?
6
Let b(u) = -18*u + 13. Suppose 0 = 2*w + w + 4*f, 28 = -4*w + 4*f. What is the units digit of b(w)?
5
Suppose -22*u + 2696 + 3134 = 0. What is the hundreds digit of u?
2
Let n = -1368 + 1958. What is the tens digit of n?
9
Suppose 0 = 4*q - 18 + 2. Let t = 0 + q. What is the tens digit of (5 + -5 + t)*8?
3
Suppose -4*t + z = -60 - 27, 0 = -z - 3. Let j = 19 + t. Let d = j + -14. What is the tens digit of d?
2
Let t = 24 - 20. Let g(x) be the second derivative of x**5/20 - x**4/3 - x**3/6 + 5*x**2/2 + x. What is the units digit of g(t)?
1
Suppose 0 = u - 2*x - 1411, 5*u + 2*x - 2568 - 4439 = 0. What is the hundreds digit of u?
4
Let x(s) = -s**3 - 9*s**2 - 6*s - 10. Suppose 6 = w + 2*w. Let o(k) = 4*k**3 + 28*k**2 + 17*k + 30. Let c(a) = w*o(a) + 7*x(a). What is the units digit of c(9)?
0
Let i(b) = b**2 + 3*b + 3. Let q be i(-1). Let g(o) = 149*o**3 + o**2 + 3*o - 3. What is the hundreds digit of g(q)?
1
Let f(d) = -610*d - 93. What is the tens digit of f(-3)?
3
Let o(y) = 10*y - 8. Let s(z) = z**3 + 5*z**2 - 6*z + 2. Let x be s(-6). What is the units digit of o(x)?
2
Suppose 3*n + r + 42 = 0, r + 0*r + 55 = -4*n. Let m = n + 97. What is the units digit of m?
4
Let f be (63/(-6))/(7/(-14)). Let h be (f/14)/(9/12). Suppose -r + h*r = 4. What is the units digit of r?
4
Let l be ((-4)/(-10))/((-1)/(-5)). Suppose 14 = 2*o + l. Suppose -o - 9 = -3*k. What is the units digit of k?
5
Suppose 34*n + 80 = 35*n. Suppose -2*w + 10 = 0, n + 137 = 2*z - 3*w. What is the tens digit of z?
1
What is the tens digit of 747/39 - 2/13?
1
Let k = 5640 - 2201. What is the thousands digit of k?
3
Suppose 0 = -3*w + p - 2*p + 36, -5*w = 5*p - 70. Let l = w - 136. Let q = -77 - l. What is the tens digit of q?
4
Suppose -21*d = 3*d - 9504. What is the hundreds digit of d?
3
Suppose 17609 = -82*q + 51229. What is the hundreds digit of q?
4
Let x(o) = o**3 - o**2 + 4*o + 2. Let w(z) = -2*z**3 + z**2 - 7*z - 3. Let b(a) = -3*w(a) - 5*x(a). Let v be b(2). Let y = v + -8. What is the units digit of y?
9
What is the tens digit of 458964/352 + (-2)/(-16)?
0
Let b be -4 + -57 - (-2 + (2 - -2)). Let s = b - -132. What is the units digit of s?
9
Let v(w) = -11*w**3 + w**2 + 2*w - 3. What is the units digit of v(-2)?
5
Let z be ((-1392)/15)/2*-5. Let v be z/16 - (-3)/(-2). Let q = v + 21. What is the tens digit of q?
3
Let s(o) = o**3 - 4*o**2 - 31. Let p be s(9). What is the tens digit of (-8)/(-12) - p/(-6) - 1?
6
Let r = 132 - 129. Let u(z) = 24*z - 6. What is the units digit of u(r)?
6
Let v(z) = -4*z**2 - 13*z - 20. Let q(m) = m**2 + m + 1. Let g(o) = -5*q(o) - v(o). What is the tens digit of g(7)?
2
Let n be (5 - 4)*7*1. Let o(b) = -b**3 - 9*b**2 + 3*b + 12. Let q be o(-9). Let c = n - q. What is the units digit of c?
2
Suppose 0 = 5*f - 2*x - 175, 3*f - 202 = -3*x - 76. Let o = f - -49. What is the tens digit of o?
8
Suppose 0 = -3*m - h + 65, -3*m + 4*h + 40 = 0. Let t(c) = c**3 - 4*c**2 - 2*c - 4. Let g be t(4). Let p = m + g. What is the units digit of p?
8
Suppose 3*w + 1320 = w. Let a be ((-1)/(-2))/((-5)/w). Suppose 5*s - 60 = 5*z + 95, -z